 = 30*c**3 + 41*c**2 - 168*c + 38. Determine w(4).
1942
Let q(d) = d**2 - 61*d + 333. Give q(6).
3
Let i(t) = -2*t**3 - 13*t**2 - 203*t + 463. Calculate i(2).
-11
Let x(f) = 87*f**2 + 106093*f + 106094. Calculate x(-1).
88
Let c(j) = -635*j - 126361. What is c(-199)?
4
Let b(x) = 3*x**2 + 236*x + 4501. What is b(-43)?
-100
Let g(s) = 3*s**3 - 94*s**2 - 760*s - 3. Determine g(38).
-3
Let j(i) = 2*i**2 - 4024*i + 44017. Give j(11).
-5
Let f(o) = -12*o**3 - 2*o**2 - 4*o - 56. Determine f(4).
-872
Let b(o) = -120*o**2 + 19683*o - 517. What is b(164)?
-25
Let j(f) = 344*f**2 - 17*f + 14. Calculate j(2).
1356
Let p(x) = -29*x**2 + 6*x - 38. Determine p(6).
-1046
Let c(x) = 11627*x - 58239. What is c(5)?
-104
Let p(k) = -2*k**2 + 398*k + 20805. Calculate p(-43).
-7
Let x(f) = -f**3 + 648*f**2 - 2436*f + 1578529. What is x(648)?
1
Let n(o) = 4*o**2 - 32338*o + 32326. What is n(1)?
-8
Let n(c) = -657*c + 105784. Calculate n(164).
-1964
Let n(a) = 12*a**2 - 125*a + 230. What is n(9)?
77
Let h(l) = 22*l**2 - 1192*l + 1325. Calculate h(53).
-53
Let z(t) = -t**3 + 9*t**2 + 69*t + 659. What is z(16)?
-29
Let f(j) = 68689*j + 3571861. Determine f(-52).
33
Let x(u) = -3*u**2 - 2169*u - 188463. Give x(-622).
3
Let j(w) = w**3 + 264*w**2 + 9121*w - 980. What is j(-41)?
-78
Let p(b) = 233*b + 2095. Calculate p(-9).
-2
Let x(j) = 4*j**3 + 2114*j**2 - 5328*j - 9531. Give x(-531).
27
Let g(m) = -691*m**2 + 2928*m - 663. Determine g(4).
-7
Let w(t) = -2*t**3 + 471*t**2 - 289*t + 12447. What is w(235)?
-243
Let q(o) = -o**2 + 83*o - 4678. Determine q(35).
-2998
Let s(f) = 10*f**3 + 227*f**2 - 29*f + 960. Give s(-23).
40
Let l(q) = -q**3 - 102*q**2 + 61*q - 4394. Calculate l(-103).
-68
Let z(f) = f**3 + 63*f**2 - 2212*f + 7. Determine z(25).
-293
Let k(w) = w**3 - 40*w**2 - 33*w + 332. Calculate k(39).
-2476
Let k(f) = 9*f**3 + 14*f**2 + 2911*f - 2926. Determine k(1).
8
Let c(t) = t**3 - 8*t**2 + 75*t - 436. Give c(7).
40
Let f(i) = -22*i**2 + 1468*i - 2988. Calculate f(2).
-140
Let l(c) = 91*c**2 + 89*c + 1. Determine l(-1).
3
Let t(h) = -h**2 + 403*h - 11573. Determine t(32).
299
Let m(k) = -1040*k + 382608. Give m(368).
-112
Let o(w) = 1939*w + 18780. Determine o(-6).
7146
Let d(i) = -i**3 - 59*i**2 - 1593*i - 84307. Give d(-57).
-4
Let f(j) = 90*j**2 - 1262*j - 45. Calculate f(14).
-73
Let z(r) = -3566*r**2 + 57056*r - 3. Calculate z(16).
-3
Let c(a) = -a**2 + 147692*a + 1033846. Give c(-7).
-47
Let r(c) = -500*c + 50266. Determine r(100).
266
Let m(z) = -60*z**3 - 2940*z**2 + 83*z + 4066. Give m(-49).
-1
Let k(j) = -2*j**3 + 19*j**2 + 115*j + 727. Give k(15).
-23
Let y(t) = -29*t**2 + 1441*t - 13793. Determine y(10).
-2283
Let k(b) = -300*b + 92169. Determine k(311).
-1131
Let y(t) = -18*t**3 - 28*t**2 - 130*t - 205. Calculate y(-2).
87
Let r(m) = -8*m**2 - 1006*m + 10122. Give r(10).
-738
Let o(z) = 548614*z + 9875040. Give o(-18).
-12
Let x(p) = 12204*p + 695619. What is x(-57)?
-9
Let c(z) = -16*z**2 - 365*z - 914. Calculate c(-18).
472
Let d(n) = -n + 261. Calculate d(-23).
284
Let k(a) = 109*a**2 - 35*a - 20. Calculate k(-4).
1864
Let l(c) = -5*c**2 + 18322*c - 128230. Determine l(7).
-221
Let w(s) = -101*s + 691. Calculate w(15).
-824
Let v(i) = 3*i**2 + 110*i + 268. Determine v(-31).
-259
Let w(d) = -471850*d - 3774799. What is w(-8)?
1
Let w(t) = -2*t**3 - 278*t**2 + 576*t + 1994. What is w(-141)?
302
Let a(u) = -121481*u + 5588121. Determine a(46).
-5
Let p(u) = -u**3 - 970*u**2 - 30902*u + 613. Give p(-33).
-14
Let x(r) = 3*r**3 + 273*r**2 + 32*r + 28336. What is x(-92)?
0
Let c(p) = 59135*p + 354809. Determine c(-6).
-1
Let r(q) = -206355*q - 619089. Calculate r(-3).
-24
Let y(m) = 4*m**3 + 1637*m**2 + 3654*m - 3654. Determine y(-407).
9
Let q(b) = -111672*b + 334955. Give q(3).
-61
Let v(h) = 4*h**2 - 2247*h + 90629. Determine v(518).
-21
Let a(s) = -982*s - 26506. What is a(-27)?
8
Let r(h) = 3*h**2 - 133*h + 1709. What is r(21)?
239
Let s(b) = -1070*b - 66393. Give s(-62).
-53
Let p(g) = -5*g**3 + 279*g**2 + 203*g - 8220. Calculate p(56).
12
Let i(t) = -t**2 - 13100*t - 7488122. What is i(-599)?
-23
Let s(v) = -2*v**3 - 203*v**2 - 1518*v - 353. Calculate s(-8).
-177
Let t(w) = -39*w**2 + 19*w + 37. Calculate t(6).
-1253
Let c(q) = q**3 - 19*q**2 - 206*q - 450. Give c(-5).
-20
Let w(b) = b**3 - 13*b**2 + 905*b - 8771. Give w(10).
-21
Let z(x) = -x**3 - 268*x**2 - 627*x - 25295. Give z(-266).
-25
Let t(p) = -p**3 - 321*p**2 + 7920*p + 2755. Give t(-344).
3
Let f(r) = 997*r**2 + 35838*r - 1948. Determine f(-36).
-4
Let d(l) = 289*l**2 - 976*l - 15. Give d(3).
-342
Let j(b) = 5018*b - 592335. What is j(118)?
-211
Let x(c) = -59*c**2 - 233*c + 656. Determine x(-10).
-2914
Let k(h) = h**3 + 112*h**2 + h + 132. Give k(-112).
20
Let b(u) = 481673*u - 2890041. Calculate b(6).
-3
Let k(x) = 94*x - 1413. Determine k(21).
561
Let q(t) = -3*t**2 - 401*t + 24446. What is q(-181)?
-1256
Let l(p) = 3*p**3 + 22*p**2 - 3*p + 52. What is l(-8)?
-52
Let u(o) = -459164*o + 2755044. Give u(6).
60
Let q(v) = -31*v**2 + 5490*v - 10975. Determine q(2).
-119
Let z(t) = t**3 + 64*t**2 + 81*t - 357. What is z(-63)?
-1491
Let w(o) = o**3 - 420*o**2 - 823*o - 8835. Give w(422).
27
Let v(j) = -19255*j + 38593. Determine v(2).
83
Let c(p) = p**3 + 24*p**2 + 65*p + 462. Determine c(-22).
0
Let r(s) = 2136*s + 337527. Calculate r(-158).
39
Let u(p) = 44226*p + 132810. Calculate u(-3).
132
Let i(g) = 359*g + 6182. Calculate i(-17).
79
Let a(x) = -4*x**2 + 2269*x - 9578. Calculate a(563).
-7
Let s(k) = -963*k - 93410. What is s(-97)?
1
Let r(x) = -x**2 - 1200738*x - 3602188. What is r(-3)?
17
Let n(y) = -23*y**3 + 6*y**2 + 346*y - 697. Calculate n(2).
-165
Let o(v) = 27050*v - 27088. Calculate o(1).
-38
Let t(n) = 854*n - 9904. Determine t(13).
1198
Let c(g) = -g**3 + 12*g**2 - 1146*g + 11414. What is c(10)?
154
Let h(b) = -b**3 + 33*b**2 - 78*b + 492. Give h(31).
-4
Let u(y) = -1226*y - 9430. Determine u(-8).
378
Let n(y) = -y**3 - 181*y**2 - 1548*y + 11. Calculate n(-172).
11
Let r(t) = -1600*t + 14372. Calculate r(9).
-28
Let g(x) = 18*x**2 - 1798*x + 25238. What is g(83)?
6
Let z(x) = -2*x**2 - 164*x + 8373. Calculate z(45).
-3057
Let x(l) = 1773*l - 565745. What is x(319)?
-158
Let l(c) = 38985*c - 194872. What is l(5)?
53
Let c(y) = y**2 - 411*y - 14648. Give c(-33).
4
Let h(d) = -3*d**3 + 49*d**2 - 24*d + 39. Give h(16).
-89
Let n(y) = -4*y**2 - 495*y + 17868. Calculate n(-153).
-33
Let s(w) = -5*w**3 - 156*w**2 + 3463*w + 5. Give s(15).
-25
Let c(w) = -12*w**2 + 8239*w + 19996. Give c(689).
15
Let d(i) = -161*i - 19910. Calculate d(-124).
54
Let t(p) = -p**3 - 27*p**2 + 173. Determine t(-26).
-503
Let l(u) = 2514*u + 7481. What is l(-3)?
-61
Let q(k) = 16*k**3 - 3*k**2 + 17*k - 26. Calculate q(3).
430
Let k(h) = -h**3 + 2*h**2 + 251*h - 1090. What is k(14)?
72
Let f(o) = 34*o**2 + 2471*o - 55490. Calculate f(18).
4
Let p(w) = 164*w - 1800. Calculate p(12).
168
Let i(s) = 19*s**2 + 102*s + 804. What is i(-8)?
1204
Let v(q) = -144845*q + 11297899. Calculate v(78).
-11
Let x(w) = -1609*w - 2149. Give x(-2).
1069
Let k(i) = -267*i**2 - 189410*i - 75863. What is k(-709)?
0
Let k(z) = 912*z + 31896. Calculate k(-35).
-24
Let r(g) = -762*g + 14045. Give r(19).
-433
Let k(n) = -n**3 - 53*n**2 + 937*n + 3. What is k(14)?
-11
Let z(i) = -2*i**3 + 423*i**2 - 645*i + 2928. Determine z(210).
-222
Let a(i) = -i**2 - 5399*i + 37817. Calculate a(7).
-25
Let h(s) = 511616*s - 1023249. Calculate h(2).
-17
Let a(s) = 1159*s - 38146. Calculate a(33).
101
Let s(o) = 2*o**3 + 70*o**2 + 215*o - 137. Give s(-31).
886
Let p(r) = 2*r**2 - 28*r + 16. Give p(21).
310
Let o(a) = -a**3 + 24*a**2 - 111*a + 3677. What is o(26)?
-561
Let k(q) = -q**3 - 547*q**2 - 73232*q + 3105. Determine k(-313).
-25
Let v(c) = -2263*c - 40722. What is v(-18)?
12
Let c(k) = 2*k**3 + 22*k**2 - 22*k - 96. What is c(-10)?
324
Let p(z) = -878*z - 21018. What is p(-24)?
54
Let z(v) = -641*v + 4608. What is z(7)?
121
Let d(m) = m**3 - 131*m**2 - 187*m - 10649. Give d(133).
-142
Let d(k) = -656*k**2 - 43295*k + 47. Calculate d(-66).
-19
Let l(p) = -4*p**2 - 86*p + 459. Calculate l(5).
-71
Let g(n) = -74*n**2 - 155*n - 30. Determine g(-4).
-594
Let x(y) = 3555*y + 16285. Give x(-5).
-1490
Let z(h) = 4824*h - 82046. Determine z(